91*t**2 - 3*t - 1. What is f(-1)?
-89
Let k(i) = i**2 - 11*i + 8. Calculate k(7).
-20
Let d(o) = 7*o + 55. Determine d(-7).
6
Let p(s) = -169*s + 6. Give p(-1).
175
Let u(o) = -o**3 + 10*o**2 - 19*o + 3. What is u(3)?
9
Let m(b) = -b**3 - 9*b**2 - 10*b - 1. Calculate m(-8).
15
Let x(y) = 2*y**3 + 2*y**2 + 2*y - 2. What is x(-2)?
-14
Let r(j) = -10*j - 2. Calculate r(2).
-22
Let k(y) = -y**3 + 12*y**2 - 19*y - 3. Give k(10).
7
Let c(o) = -o**3 - 6*o**2 - 4*o + 7. Give c(-5).
2
Let c(v) = v**2 - 3*v - 4. Determine c(3).
-4
Let b(x) = -13*x + 30. What is b(2)?
4
Let n(a) = 7*a + 2. Calculate n(-6).
-40
Let v(l) = -l**3 + 4*l**2 + 13*l - 8. Determine v(6).
-2
Let s(v) = 11*v + 164. Determine s(-15).
-1
Let q(c) = 3*c**2 + 60*c - 61. Determine q(-21).
2
Let r(q) = q**2 - 8*q - 6. Determine r(8).
-6
Let h(m) = m + 68. Give h(-14).
54
Let g(p) = -85*p**2 + 2. What is g(1)?
-83
Let z(q) = -q**2 + 4*q + 13. Give z(7).
-8
Let s(r) = -r**3 + 6*r**2 - 4*r + 12. What is s(7)?
-65
Let h(t) = -3*t + 11. Give h(0).
11
Let g(i) = 8*i - 8. Give g(-5).
-48
Let v(f) = -6*f + 15. Give v(6).
-21
Let t(v) = -v**2 - 30*v - 3. Determine t(0).
-3
Let i(d) = d**2 - 19*d - 20. Determine i(21).
22
Let q(s) = s**3 + 8*s**2 - 4*s - 20. What is q(-8)?
12
Let k(z) = z**3 - 24*z**2 - 22*z - 44. What is k(25)?
31
Let d(f) = -47*f**3 - f**2 - 3*f - 2. What is d(-1)?
47
Let d(q) = 3*q**2 + 3*q. Determine d(-2).
6
Let g(s) = 10*s**2 + 15*s - 15. What is g(1)?
10
Let p(n) = -n**3 - 6*n**2 + 11*n + 4. Give p(-5).
-76
Let y(m) = -m**2 + 24*m + 18. Give y(25).
-7
Let s(y) = y**2 - 16*y - 128. What is s(22)?
4
Let n(l) = -l**3 + 18*l**2 + 20*l + 14. What is n(19)?
33
Let w(n) = n**3 - 12*n**2 + 4*n - 25. Give w(12).
23
Let t(c) = 4*c**2 - 5*c + 3. What is t(3)?
24
Let p(u) = 16*u**2 - 99*u + 17. Determine p(6).
-1
Let d(w) = -w**3 - 24*w**2 + 22*w - 72. Give d(-25).
3
Let k(f) = 2*f**3 + 32*f**2 - 37*f - 41. Give k(-17).
10
Let s(c) = -c**2 - 6. Calculate s(0).
-6
Let b(y) = -2*y + 17. What is b(7)?
3
Let p(z) = z. Calculate p(-4).
-4
Let a(i) = i**2 + 29*i + 192. Determine a(-19).
2
Let q(h) = 19*h**2 - 1. Calculate q(2).
75
Let h(y) = -y**2 - 8*y + 26. Determine h(-10).
6
Let q(h) = h**3 - 4*h**2 + 5*h - 7. Determine q(4).
13
Let x(t) = 14*t + 103. Determine x(-7).
5
Let c(a) = a**2 - 7*a + 5. Determine c(5).
-5
Let g(d) = -5*d + 40. Calculate g(7).
5
Let l(q) = 3*q**3 - 43*q**2 + 16*q - 29. Determine l(14).
-1
Let y(n) = -8*n - 9. What is y(2)?
-25
Let x(n) = -2*n + 10. What is x(0)?
10
Let s(l) = -l**3 - 8*l**2 - 10*l - 4. What is s(-5)?
-29
Let d(m) = m**3 + 17*m**2 + 36*m + 22. Determine d(-15).
-68
Let n(m) = -m**2 - 11*m + 3. Give n(-6).
33
Let g(t) = t**2 + 28*t - 206. Give g(6).
-2
Let d(m) = -44*m + 13. Give d(1).
-31
Let b(x) = -14*x + 154. What is b(11)?
0
Let u(f) = 12*f**3 + f**2 - 7*f - 9. Calculate u(-1).
-13
Let b(l) = 9*l**3 + l**2 + l - 2. Calculate b(1).
9
Let c(u) = -u**2 + 8*u - 11. What is c(7)?
-4
Let g(o) = -9*o - 96. Calculate g(-10).
-6
Let b(g) = -5*g**2 - 2*g - 1. Determine b(-3).
-40
Let k(b) = b**2 - 4. Give k(7).
45
Let h(l) = 10*l - 172. Calculate h(14).
-32
Let k(v) = -v**2 - 10*v + 13. What is k(2)?
-11
Let a(m) = 2*m**3 - 4*m**2 + 6. What is a(-2)?
-26
Let h(f) = -f**2 + 7*f + 65. What is h(13)?
-13
Let z(g) = g**3 + 21*g**2 - 47*g - 30. Give z(-23).
-7
Let i(r) = -26*r**3 + r**2 - 1. Give i(1).
-26
Let i(m) = -m - 4. What is i(4)?
-8
Let d(m) = -17*m**3 - 2*m**2 + 4*m + 6. Calculate d(-1).
17
Let v(r) = -55*r + 9. Determine v(-1).
64
Let b(n) = -n**2 - 16*n + 84. Determine b(4).
4
Let k(i) = 156*i + 1247. Calculate k(-8).
-1
Let i(k) = k**3 + 2*k**2 - 7*k - 21. Calculate i(-3).
-9
Let p(o) = o**3 - 10*o**2 - 4*o + 45. What is p(10)?
5
Let d(i) = -26*i + 413. Calculate d(16).
-3
Let u(f) = -f**2 + 14*f - 15. What is u(13)?
-2
Let d(w) = -2*w**2 - 20*w + 15. What is d(-10)?
15
Let w(b) = -b**3 - 6*b**2 - 3*b + 13. Give w(-4).
-7
Let r(g) = -g**3 + 4*g**2 - 4*g + 9. What is r(4)?
-7
Let b(s) = 2*s**2 - 47*s + 19. Calculate b(23).
-4
Let s(z) = -z**2 + 4*z + 5. Give s(6).
-7
Let z(q) = 23*q + 75. What is z(-9)?
-132
Let a(y) = 13*y**2 + 2*y - 2. Calculate a(2).
54
Let c(n) = -n**3 - 10*n**2 + 14*n + 5. Calculate c(-11).
-28
Let k(r) = 75*r + 2. Give k(1).
77
Let v(q) = -39*q**2 - q. What is v(-1)?
-38
Let i(l) = 2*l**2 + 2*l - 2. Calculate i(0).
-2
Let r(i) = 2*i**3 - 16*i**2 - 3*i + 10. Determine r(7).
-109
Let w(x) = x**3 - 4*x**2 - 19*x - 11. Determine w(7).
3
Let z(t) = 12*t + 99. Give z(-7).
15
Let z(y) = y**3 - 5*y**2 + 2*y + 1. Give z(4).
-7
Let w(f) = -5*f + 5. Determine w(-2).
15
Let q(r) = -3*r**3 - 4*r**2 - 3*r - 2. What is q(-2)?
12
Let q(i) = 13*i + 149. What is q(-12)?
-7
Let m(y) = y**2 - 7*y + 7. Calculate m(7).
7
Let c(t) = t**2 - 6*t - 12. Determine c(9).
15
Let r(g) = 49*g - 782. What is r(16)?
2
Let j(q) = 6*q - 3. Give j(9).
51
Let a(u) = -u**2 + u + 60. Determine a(0).
60
Let a(x) = -7*x**2 + 9*x + 16. Calculate a(-2).
-30
Let y(h) = h**3 - 7*h**2 + 11*h + 3. What is y(6)?
33
Let k(n) = -2*n + 42. Calculate k(22).
-2
Let r(i) = i**3 + 2*i**2 - 2*i + 1. Give r(-3).
-2
Let q(l) = -l**2 + 6*l + 6. Determine q(7).
-1
Let m(q) = q**2 + 15*q + 15. Determine m(-11).
-29
Let u(q) = q**2 - 5*q - 3. Determine u(6).
3
Let i(p) = p**2 - 23*p + 1. Determine i(24).
25
Let c(y) = -10*y**2 + 3*y - 3. What is c(2)?
-37
Let r(a) = 5*a - 114. What is r(22)?
-4
Let x(h) = 58*h + 1394. Calculate x(-24).
2
Let c(t) = -t**3 + 11*t**2 - 16*t + 3. Calculate c(9).
21
Let h(c) = -7*c - 13. Give h(-3).
8
Let v(r) = -4*r + 8. Give v(-6).
32
Let p(v) = -12*v - 1. Determine p(4).
-49
Let r(q) = -q**3 + 13*q**2 + 14*q + 11. What is r(14)?
11
Let n(h) = -2*h**2 + 16*h - 17. Determine n(10).
-57
Let q(z) = z**3 - 28*z**2 - 93*z + 2. Calculate q(31).
2
Let v(q) = q**3 + 4*q**2 + 2*q - 2. Determine v(-3).
1
Let d(a) = -a**2 - 6*a + 1. Give d(-6).
1
Let z(a) = a**2 + 7*a + 6. Calculate z(-1).
0
Let b(a) = 11*a + 82. What is b(-7)?
5
Let k(w) = -2*w**3 - 20*w**2 - 50*w - 6. What is k(-6)?
6
Let f(p) = 17*p**2 - 6*p - 4. Give f(-2).
76
Let q(u) = u**2 + 3*u + 1. Give q(3).
19
Let q(b) = -b**2 - 12*b - 15. Calculate q(-12).
-15
Let t(m) = m**3 - 8*m**2 - 18*m - 18. Give t(10).
2
Let y(v) = -v**3 - 14*v**2 + 12*v - 10. Calculate y(-15).
35
Let n(y) = y**3 - 17*y**2 + 11*y + 72. What is n(16)?
-8
Let o(s) = -2*s**2 - 8*s. Calculate o(-4).
0
Let p(x) = x**3 - 9*x**2 - 14*x + 32. Calculate p(10).
-8
Let q(p) = p**3 - 6*p**2 - 11*p - 11. What is q(8)?
29
Let p(o) = -o - 30. What is p(-16)?
-14
Let j(l) = l**2 - 15*l + 39. What is j(16)?
55
Let f(a) = -a**3 + 24*a**2 - 44*a + 19. Give f(22).
19
Let g(p) = p**3 - 29*p**2 - 2*p + 77. Determine g(29).
19
Let k(a) = -a**2 + 3*a + 12. Determine k(6).
-6
Let q(a) = -a**2 - 16*a + 40. What is q(-18)?
4
Let q(o) = -10*o**2 + 11*o + 4. Determine q(-3).
-119
Let j(k) = 15*k**2 + 126*k - 3. What is j(-8)?
-51
Let p(l) = -l**3 + 16*l**2 + 19*l - 11. Calculate p(17).
23
Let x(m) = -2*m**2 + 46*m + 45. What is x(23)?
45
Let a(c) = c**3 + 5*c**2 - 8*c - 5. Give a(-6).
7
Let j(y) = 3*y**2 - 8*y + 10. Determine j(4).
26
Let p(d) = d**3 - 10*d**2 + 10*d - 6. Calculate p(9).
3
Let i(b) = -3*b + 51. Give i(16).
3
Let l(y) = -60*y - 482. Calculate l(-8).
-2
Let l(y) = 3*y + 35. Give l(-13).
-4
Let s(p) = -11*p + 60. Give s(6).
-6
Let u(b) = -2*b**2 + 17*b - 17. Calculate u(11).
-72
Let v(j) = 2*j**2 - 6*j + 3. What is v(4)?
11
Let t(j) = -4*j - 9. What is t(3)?
-21
Let l(d) = -d**2 - 3*d + 1. Determine l(3).
-17
Let r(w) = -w**3 - 2*w + 3. What is r(1)?
0
Let q(y) = -y**2 - 12*y - 7. Give q(-10).
13
Let j(r) = r**2 + 20*r + 1. Give j(-13).
-90
Let j(b) = -b**2 + 3*b. Calculate j(4).
-4
Let h(t) = t**3 + 15*t**2 + 10*t - 47. Give h(-14).
9
Let g(x) = -x + 19. Determine g(9).
10
Let k(q) = -16*q - 10. Give k(-5).
70
Let q(r) = r**3 - 11*r**2 + 22*r + 8. Give q(6).
-40
Let w(r) = r**2 + 17*r + 44. Give w(-14).
2
Let t(v) = -5*v**2 - 7*v + 7. Calculate t(1).
-5
Let y(i) = 15*i - 1. Determine y(-1).
-16
Let v(d) = -d**3 - 5*d**2 - 7*d - 1. Give v(-6).
77
Let l(w) = w**2 - 6*w + 9. What is l(5)?
4
Let b(c) = c**2 + c - 4. Calculate b(-4).
8
Let x(b) = -b + 39. Give x(17).
22
Let q(d) = -9*d - 38. What is q(-6)?
16
Let m(c) = -4*c**3 + 2*c**2 + 2*c